ppose -4*z + y*z - 10 = 0. What is the greatest common factor of 40 and z?
10
Let f(l) be the third derivative of -5*l**4/24 - l**3/6 + l**2. Suppose 27*o + 23 = -58. Let p be f(o). What is the greatest common divisor of p and 70?
14
Let a = 28 - 24. Suppose -a*w + 525 = 3*b + 180, 2*w - b = 185. Calculate the greatest common divisor of 10 and w.
10
Let i(s) = 9 + 0*s - 2*s - 8*s - s**2 + 1. Let w(l) = -l - 1. Let q(d) = -i(d) - 2*w(d). Let m be q(-13). What is the greatest common divisor of 35 and m?
5
Suppose -28*p = -32*p + 176. Let i = 111 + p. Calculate the highest common divisor of 31 and i.
31
Let p be -81 - -119 - 2*1. Let w = -5 - -12. Suppose -w - 17 = -2*a. What is the highest common factor of p and a?
12
Let r be -3*(-6 + 9 + -5). Calculate the highest common factor of r and 16.
2
Suppose 0 = 3*p + 15, d + 3*p = 5*p + 30. Suppose -3*w = -28 - d. Suppose -129 = -4*n + g, 3*n - 5*n = -g - 65. What is the highest common divisor of n and w?
16
Let a(b) = -b**3 - 2*b**2 + 4*b - 9. Let s be a(-6). What is the highest common factor of 740 and s?
37
Suppose 192 = q + 3*q. Let o = q + -35. Suppose 3*y - 455 = -4*a - 26, -4*a - 572 = -4*y. Calculate the greatest common factor of y and o.
13
Suppose 0 = -2*u - 10, -21 = y - 3*u - 126. What is the greatest common factor of 20 and y?
10
Let h(f) = f**3 + 5*f**2 + 3*f - 1. Let q be h(-4). Suppose 3*g + 0 = q. Calculate the greatest common factor of g and 9.
1
Let y = -11 - -7. Let j be (-7 - y) + -2 + -1. Let p be 1 - (j/(-3))/(-2). Calculate the greatest common factor of p and 2.
2
Let k(s) = s + 17. Let t be k(0). Let m be 1426/12 - -2*(-3)/(-36). What is the greatest common factor of t and m?
17
Let f(i) = -20*i - 168. Let c be f(-12). Calculate the greatest common factor of 279 and c.
9
Let j be (-2)/(10/(-183)) + (-51)/85. Let p = j - 25. What is the greatest common divisor of p and 77?
11
Suppose 191 + 19 = 2*k. Calculate the greatest common factor of 84 and k.
21
Suppose 6*g = 4*g + 240. Calculate the highest common divisor of g and 48.
24
Let i = -407 + 1239. What is the greatest common factor of i and 26?
26
Let i = -49 - -55. Suppose 41 = 5*f + c, -i*c + c = 2*f + 2. Calculate the highest common divisor of 15 and f.
3
Suppose 4*d - 53 = -5*a, d - 5*a = -0*d - 18. Let p be (0 + -21)*(-2 + 1). What is the highest common factor of d and p?
7
Suppose -2 = -m, -m - 48 - 80 = -f. Let x be -104*(0 + (-1)/2). What is the highest common divisor of x and f?
26
Let x = 676 + -664. What is the greatest common factor of x and 12?
12
Let w(f) = 9*f. Let c be w(1). Suppose -229 + 236 = 7*m. What is the greatest common factor of c and m?
1
Suppose -15*k - 4*u = -17*k + 3956, -k + 1978 = 5*u. Calculate the highest common factor of k and 46.
46
Let f be (2/(-5))/((-2)/20). Let k(t) = 3*t - 8. Let o be k(f). Suppose s + 1 = o. Calculate the greatest common factor of 3 and s.
3
Suppose k = 3*w + 22, 2*k + 0 - 12 = -2*w. What is the greatest common divisor of 80 and k?
10
Suppose -5*x + 3*p = -168, -24*x + 19*x + 172 = -2*p. Suppose q - 3*q = -8. Calculate the greatest common factor of q and x.
4
Suppose 901*y - 532 = 897*y. What is the highest common divisor of 49 and y?
7
Let u(k) = 2*k**2 + k - 1. Suppose 0 = 2*y - 0*y - 2. Let c be u(y). Suppose 2*m - 48 = -c*m. Calculate the greatest common factor of m and 60.
12
Suppose 0 = -9*o + 88 + 47. Let x(j) = j**2 + 6*j. Let u be x(-6). Suppose 2*g - 13 + 3 = u. What is the greatest common factor of g and o?
5
Let f = 4 - 0. Suppose -h - 41 = -o, f*o - 5*o - 5*h + 47 = 0. Suppose -6*p + 17*p - 1155 = 0. What is the greatest common divisor of p and o?
21
Let b(u) = 5*u + 107. Let r be b(-19). Calculate the highest common divisor of r and 348.
12
Let q = 507 + -464. What is the highest common divisor of 2107 and q?
43
Let d be 0 - 0 - (1 - 37). Suppose 12*j + 1150 = 4*w + 13*j, -2*j = -4*w + 1156. What is the highest common divisor of w and d?
36
Let v = 11 - -2. Let a(s) = 11 + s**3 - 16*s**2 + 57*s + 1 - 1 - 90*s. Let x be a(18). Calculate the greatest common divisor of v and x.
13
Suppose -649 + 2899 = 9*l. What is the highest common factor of 50 and l?
50
Let j(t) = -t**3 + 13*t**2 - 11*t - 2. Let u be j(12). Suppose 10*p - u = 5*p. Let w be 1/((-3)/(-198)) - p. Calculate the highest common factor of 8 and w.
8
Let z = -48 - -114. Let b = -18387 - -18393. Calculate the highest common factor of z and b.
6
Let g(a) = 122*a**2 + 18*a + 17. Let o be g(-1). Calculate the greatest common factor of 11 and o.
11
Let i(m) = m**3 - 4*m**2 - 5. Let p be i(4). Let y = p - -9. Suppose 4*o - 5*n = 7*o + 8, -3*n - 12 = 0. What is the highest common factor of y and o?
4
Let l(t) = -t**2 + 6*t + 4. Let x be l(6). Suppose 5*z = 6*z - x. Suppose 3 = -c + z. Calculate the highest common factor of 1 and c.
1
Suppose 7*k = 8*k - 55. Suppose -1701 = 11*v - 1822. Calculate the highest common factor of k and v.
11
Let z be 2/(3 - 1)*4. Suppose -z*r = w - 44, r + 0 - 11 = 4*w. Calculate the greatest common divisor of 11 and r.
11
Let f = 218 - 128. Calculate the greatest common divisor of 270 and f.
90
Let z(d) = -d**3 + 4*d**2 + 8*d - 3. Let a be z(3). Suppose 0 = -p + 34 - a. What is the highest common divisor of 44 and p?
4
Suppose 4*n = -5*y - 238, 2*n - 5*y = -68 - 36. Let m = n + 65. Calculate the highest common factor of m and 12.
4
Suppose 5*w - 825 + 835 = 0. Let y be (-3)/9 + (-16)/(-3). Let s be -2*y/w*1. Calculate the highest common divisor of s and 25.
5
Suppose -3*v + 148 = l, -2*v = -4*v + 5*l + 110. Let f = v - 45. Calculate the highest common divisor of 5 and f.
5
Let r be (12/(-18))/((-2)/3)*30. Let d = r - -61. What is the greatest common divisor of 13 and d?
13
Let m = 22 - 20. Suppose -5*t + m*t = -81. What is the highest common divisor of 3 and t?
3
Suppose -2*f + 44 = -6*f. Let s = 9 + f. Let h be s + (-16)/(-6)*6. Calculate the highest common divisor of 2 and h.
2
Suppose 2*o = 10 - 0. Suppose -3*v + 20 = o. Let u be (1 + 9/3)*(-1210)/(-88). Calculate the highest common divisor of u and v.
5
Suppose 27*j = 26*j + 76. What is the highest common factor of j and 171?
19
Suppose 141 = 4*g + 45. Let w = -10 + g. What is the greatest common divisor of 238 and w?
14
Let p = 4 - -1. Suppose -9 = p*x - 3*f + 11, -5*f + 24 = x. Let z be x/(4/(-52)*1). What is the greatest common factor of 26 and z?
13
Let u = 847 + -827. Calculate the highest common factor of u and 110.
10
Suppose 0*w - 8 = -4*w. Suppose -d + 69 = -z, -w*z = d - 5*z - 63. Let x be 5/(-10)*6*-4. What is the highest common divisor of x and d?
12
Suppose 4*p - 4975 = 3*k, 5*p - 2*k = -6*k + 6180. What is the greatest common factor of 465 and p?
155
Suppose m - 5*m = 2*u - 22, 3*u = m - 16. Suppose -m = -4*k + 3*h + 1, -3*k - 3*h = -27. Calculate the highest common divisor of k and 5.
5
Let r(q) = -q**3 + q**2 + 1. Let w be r(3). Let f = 27 + w. Calculate the highest common factor of f and 90.
10
Let j be (102/(-12))/((-1)/2). Let a = j + -10. Let p(d) = 2*d**3 + 2*d + 3. Let z be p(3). What is the greatest common factor of a and z?
7
Suppose 6 = 2*a, -2*a = -4*g - 7*a + 19. Let q = -1 - -4. Let n(c) = 3*c - 4. Let v be n(q). What is the highest common divisor of v and g?
1
Suppose 998 = 2*a - 4*p + 158, -3*a + 1310 = 4*p. Calculate the greatest common divisor of a and 30.
10
Let u = 74 + -42. Let o be 1 - (-1 + 2) - (-104)/26. What is the greatest common factor of o and u?
4
Let a = 33 - -17. Let j = -6 + 42. Suppose -3*k - 2*b + 22 = 0, 0*k - 2*k = -4*b - j. Calculate the highest common factor of k and a.
10
Suppose -56 = -b + 11. Let g = 121 - b. What is the highest common divisor of g and 81?
27
Let n be 9/((-81)/(-9)) - -89. What is the highest common divisor of 10 and n?
10
Suppose -3*g - 42 = -4*g. Suppose -3*s = -4*l - 2*s + 115, 59 = 2*l - s. What is the greatest common factor of l and g?
14
Let l be (-2)/((-1)/(-45)*-2). Suppose -2 + 25 = 3*g - 2*j, j + 16 = 2*g. What is the greatest common divisor of g and l?
9
Suppose j - 31 = 797. What is the highest common factor of 60 and j?
12
Let s(p) = -14*p + 4. Let v be s(-1). What is the greatest common factor of v and 21?
3
Let f be (3/(-15) + 3)/(1/5). Let y = 11 - 6. Let v be 1/(-5) + 281/y. What is the greatest common divisor of v and f?
14
Le